{"id":1147,"date":"2023-05-11T16:17:17","date_gmt":"2023-05-11T13:17:17","guid":{"rendered":"https:\/\/www.gozdebuklu.av.tr\/?page_id=1147"},"modified":"2024-01-21T11:40:12","modified_gmt":"2024-01-21T08:40:12","slug":"hakkimizda","status":"publish","type":"page","link":"https:\/\/www.gozdebuklu.av.tr\/?page_id=1147","title":{"rendered":"HAKKIMIZDA"},"content":{"rendered":"\t\t<div data-elementor-type=\"wp-page\" data-elementor-id=\"1147\" class=\"elementor elementor-1147\">\n\t\t\t\t\t\t\t\t\t<section class=\"elementor-section elementor-top-section elementor-element elementor-element-79a2096 elementor-section-height-min-height elementor-section-boxed elementor-section-height-default elementor-section-items-middle wpr-particle-no wpr-jarallax-no wpr-parallax-no wpr-sticky-section-no\" data-id=\"79a2096\" data-element_type=\"section\" data-settings=\"{&quot;background_background&quot;:&quot;classic&quot;}\">\n\t\t\t\t\t\t\t<div class=\"elementor-background-overlay\"><\/div>\n\t\t\t\t\t\t\t<div class=\"elementor-container elementor-column-gap-default\">\n\t\t\t\t\t<div class=\"elementor-column elementor-col-100 elementor-top-column elementor-element elementor-element-912c5f6\" data-id=\"912c5f6\" data-element_type=\"column\">\n\t\t\t<div class=\"elementor-widget-wrap elementor-element-populated\">\n\t\t\t\t\t\t\t\t<div class=\"elementor-element elementor-element-b61e8ed elementor-widget elementor-widget-heading\" data-id=\"b61e8ed\" data-element_type=\"widget\" data-widget_type=\"heading.default\">\n\t\t\t\t<div class=\"elementor-widget-container\">\n\t\t\t<style>\/*! elementor - v3.15.0 - 02-08-2023 *\/\n.elementor-heading-title{padding:0;margin:0;line-height:1}.elementor-widget-heading .elementor-heading-title[class*=elementor-size-]>a{color:inherit;font-size:inherit;line-height:inherit}.elementor-widget-heading .elementor-heading-title.elementor-size-small{font-size:15px}.elementor-widget-heading .elementor-heading-title.elementor-size-medium{font-size:19px}.elementor-widget-heading .elementor-heading-title.elementor-size-large{font-size:29px}.elementor-widget-heading .elementor-heading-title.elementor-size-xl{font-size:39px}.elementor-widget-heading .elementor-heading-title.elementor-size-xxl{font-size:59px}<\/style><h1 class=\"elementor-heading-title elementor-size-xl\">HAKKIMIZDA<\/h1>\t\t<\/div>\n\t\t\t\t<\/div>\n\t\t\t\t\t<\/div>\n\t\t<\/div>\n\t\t\t\t\t\t\t<\/div>\n\t\t<\/section>\n\t\t\t\t<section class=\"elementor-section elementor-top-section elementor-element elementor-element-51bf30e elementor-section-boxed elementor-section-height-default elementor-section-height-default wpr-particle-no wpr-jarallax-no wpr-parallax-no wpr-sticky-section-no\" data-id=\"51bf30e\" data-element_type=\"section\">\n\t\t\t\t\t\t<div class=\"elementor-container elementor-column-gap-default\">\n\t\t\t\t\t<div class=\"elementor-column elementor-col-100 elementor-top-column elementor-element elementor-element-620a0c7\" data-id=\"620a0c7\" data-element_type=\"column\">\n\t\t\t<div class=\"elementor-widget-wrap elementor-element-populated\">\n\t\t\t\t\t\t\t\t<div class=\"elementor-element elementor-element-e26b7e9 elementor-widget elementor-widget-spacer\" data-id=\"e26b7e9\" data-element_type=\"widget\" data-widget_type=\"spacer.default\">\n\t\t\t\t<div class=\"elementor-widget-container\">\n\t\t\t<style>\/*! elementor - v3.15.0 - 02-08-2023 *\/\n.elementor-column .elementor-spacer-inner{height:var(--spacer-size)}.e-con{--container-widget-width:100%}.e-con-inner>.elementor-widget-spacer,.e-con>.elementor-widget-spacer{width:var(--container-widget-width,var(--spacer-size));--align-self:var(--container-widget-align-self,initial);--flex-shrink:0}.e-con-inner>.elementor-widget-spacer>.elementor-widget-container,.e-con-inner>.elementor-widget-spacer>.elementor-widget-container>.elementor-spacer,.e-con>.elementor-widget-spacer>.elementor-widget-container,.e-con>.elementor-widget-spacer>.elementor-widget-container>.elementor-spacer{height:100%}.e-con-inner>.elementor-widget-spacer>.elementor-widget-container>.elementor-spacer>.elementor-spacer-inner,.e-con>.elementor-widget-spacer>.elementor-widget-container>.elementor-spacer>.elementor-spacer-inner{height:var(--container-widget-height,var(--spacer-size))}<\/style>\t\t<div class=\"elementor-spacer\">\n\t\t\t<div class=\"elementor-spacer-inner\"><\/div>\n\t\t<\/div>\n\t\t\t\t<\/div>\n\t\t\t\t<\/div>\n\t\t\t\t\t<\/div>\n\t\t<\/div>\n\t\t\t\t\t\t\t<\/div>\n\t\t<\/section>\n\t\t\t\t<section class=\"elementor-section elementor-top-section elementor-element elementor-element-cfdc6a4 elementor-section-boxed elementor-section-height-default elementor-section-height-default wpr-particle-no wpr-jarallax-no wpr-parallax-no wpr-sticky-section-no\" data-id=\"cfdc6a4\" data-element_type=\"section\">\n\t\t\t\t\t\t<div class=\"elementor-container elementor-column-gap-default\">\n\t\t\t\t\t<div class=\"elementor-column elementor-col-50 elementor-top-column elementor-element elementor-element-52ed547\" data-id=\"52ed547\" data-element_type=\"column\">\n\t\t\t<div class=\"elementor-widget-wrap elementor-element-populated\">\n\t\t\t\t\t\t\t\t<div class=\"elementor-element elementor-element-5a0ec4f elementor-widget elementor-widget-heading\" data-id=\"5a0ec4f\" data-element_type=\"widget\" data-widget_type=\"heading.default\">\n\t\t\t\t<div class=\"elementor-widget-container\">\n\t\t\t<h2 class=\"elementor-heading-title elementor-size-default\">B\u00dcKL\u00dc HUKUK &amp; DANI\u015eMANLIK  <\/h2>\t\t<\/div>\n\t\t\t\t<\/div>\n\t\t\t\t<div class=\"elementor-element elementor-element-6b79272 elementor-widget-divider--view-line elementor-widget elementor-widget-divider\" data-id=\"6b79272\" data-element_type=\"widget\" data-widget_type=\"divider.default\">\n\t\t\t\t<div class=\"elementor-widget-container\">\n\t\t\t<style>\/*! elementor - v3.15.0 - 02-08-2023 *\/\n.elementor-widget-divider{--divider-border-style:none;--divider-border-width:1px;--divider-color:#0c0d0e;--divider-icon-size:20px;--divider-element-spacing:10px;--divider-pattern-height:24px;--divider-pattern-size:20px;--divider-pattern-url:none;--divider-pattern-repeat:repeat-x}.elementor-widget-divider .elementor-divider{display:flex}.elementor-widget-divider .elementor-divider__text{font-size:15px;line-height:1;max-width:95%}.elementor-widget-divider .elementor-divider__element{margin:0 var(--divider-element-spacing);flex-shrink:0}.elementor-widget-divider .elementor-icon{font-size:var(--divider-icon-size)}.elementor-widget-divider .elementor-divider-separator{display:flex;margin:0;direction:ltr}.elementor-widget-divider--view-line_icon .elementor-divider-separator,.elementor-widget-divider--view-line_text .elementor-divider-separator{align-items:center}.elementor-widget-divider--view-line_icon .elementor-divider-separator:after,.elementor-widget-divider--view-line_icon .elementor-divider-separator:before,.elementor-widget-divider--view-line_text .elementor-divider-separator:after,.elementor-widget-divider--view-line_text .elementor-divider-separator:before{display:block;content:\"\";border-bottom:0;flex-grow:1;border-top:var(--divider-border-width) var(--divider-border-style) var(--divider-color)}.elementor-widget-divider--element-align-left .elementor-divider .elementor-divider-separator>.elementor-divider__svg:first-of-type{flex-grow:0;flex-shrink:100}.elementor-widget-divider--element-align-left .elementor-divider-separator:before{content:none}.elementor-widget-divider--element-align-left .elementor-divider__element{margin-left:0}.elementor-widget-divider--element-align-right .elementor-divider .elementor-divider-separator>.elementor-divider__svg:last-of-type{flex-grow:0;flex-shrink:100}.elementor-widget-divider--element-align-right .elementor-divider-separator:after{content:none}.elementor-widget-divider--element-align-right .elementor-divider__element{margin-right:0}.elementor-widget-divider:not(.elementor-widget-divider--view-line_text):not(.elementor-widget-divider--view-line_icon) .elementor-divider-separator{border-top:var(--divider-border-width) var(--divider-border-style) var(--divider-color)}.elementor-widget-divider--separator-type-pattern{--divider-border-style:none}.elementor-widget-divider--separator-type-pattern.elementor-widget-divider--view-line .elementor-divider-separator,.elementor-widget-divider--separator-type-pattern:not(.elementor-widget-divider--view-line) .elementor-divider-separator:after,.elementor-widget-divider--separator-type-pattern:not(.elementor-widget-divider--view-line) .elementor-divider-separator:before,.elementor-widget-divider--separator-type-pattern:not([class*=elementor-widget-divider--view]) .elementor-divider-separator{width:100%;min-height:var(--divider-pattern-height);-webkit-mask-size:var(--divider-pattern-size) 100%;mask-size:var(--divider-pattern-size) 100%;-webkit-mask-repeat:var(--divider-pattern-repeat);mask-repeat:var(--divider-pattern-repeat);background-color:var(--divider-color);-webkit-mask-image:var(--divider-pattern-url);mask-image:var(--divider-pattern-url)}.elementor-widget-divider--no-spacing{--divider-pattern-size:auto}.elementor-widget-divider--bg-round{--divider-pattern-repeat:round}.rtl .elementor-widget-divider .elementor-divider__text{direction:rtl}.e-con-inner>.elementor-widget-divider,.e-con>.elementor-widget-divider{width:var(--container-widget-width,100%);--flex-grow:var(--container-widget-flex-grow)}<\/style>\t\t<div class=\"elementor-divider\">\n\t\t\t<span class=\"elementor-divider-separator\">\n\t\t\t\t\t\t<\/span>\n\t\t<\/div>\n\t\t\t\t<\/div>\n\t\t\t\t<\/div>\n\t\t\t\t<div class=\"elementor-element elementor-element-1b664a9 elementor-widget__width-initial elementor-widget elementor-widget-text-editor\" data-id=\"1b664a9\" data-element_type=\"widget\" data-widget_type=\"text-editor.default\">\n\t\t\t\t<div class=\"elementor-widget-container\">\n\t\t\t<style>\/*! elementor - v3.15.0 - 02-08-2023 *\/\n.elementor-widget-text-editor.elementor-drop-cap-view-stacked .elementor-drop-cap{background-color:#69727d;color:#fff}.elementor-widget-text-editor.elementor-drop-cap-view-framed .elementor-drop-cap{color:#69727d;border:3px solid;background-color:transparent}.elementor-widget-text-editor:not(.elementor-drop-cap-view-default) .elementor-drop-cap{margin-top:8px}.elementor-widget-text-editor:not(.elementor-drop-cap-view-default) .elementor-drop-cap-letter{width:1em;height:1em}.elementor-widget-text-editor .elementor-drop-cap{float:left;text-align:center;line-height:1;font-size:50px}.elementor-widget-text-editor .elementor-drop-cap-letter{display:inline-block}<\/style>\t\t\t\t<p>B\u00fckl\u00fc Hukuk &amp; Dan\u0131\u015fmanl\u0131k \u0130stanbul Barosu nezdinde faaliyet g\u00f6steren Av. G\u00d6ZDE B\u00dcKL\u00dc taraf\u0131ndan \u0130stanbul\u2019da kurulmu\u015f olup; temsil etti\u011fi T\u00fcrk ve yabanc\u0131 ger\u00e7ek, t\u00fczel ki\u015filere hukuk dan\u0131\u015fmanl\u0131\u011f\u0131 ve avukatl\u0131k hizmeti sunmakla birlikte t\u00fcm hukuki hizmetlerini profesyonel, y\u00fcksek kalitede, a\u00e7\u0131k ve anla\u015f\u0131l\u0131r bir dille sa\u011flamay\u0131 misyon edinmi\u015f, \u00e7\u00f6z\u00fcm odakl\u0131 hareket eden dinamik bir hukuk b\u00fcrosudur.<\/p><p>\u00d6nceli\u011fimiz m\u00fcvekkillerimize pratik, sonu\u00e7 odakl\u0131 ve g\u00fcvenilir bir hizmet sunmakt\u0131r.<\/p><p>Her m\u00fcvekkil ve her dava ayr\u0131 bir \u00f6nem arz etmekte olup her hukuki olay\u0131n de\u011ferlendirilme s\u00fcreci farkl\u0131 i\u015flemektedir.<\/p><p><b>Av. G\u00d6ZDE B\u00dcKL\u00dc<\/b> \u0130stanbul Barosu Kat M\u00fclkiyeti Hukuku Komisyonu \u00fcyesidir.<\/p><p>Ayn\u0131 zamanda mesleki a\u00e7\u0131dan geli\u015fime katk\u0131 sunacak \u00e7al\u0131\u015fmalarda yer almaya her daim \u00f6zen g\u00f6stermekte olup yer ald\u0131\u011f\u0131 \u00e7al\u0131\u015fmalar\u0131n bir k\u0131sm\u0131 ise \u015funlard\u0131r:<br \/>-\u0130stanbul Barosu Staj E\u011fitim Merkezi Kat M\u00fclkiyeti Hukuku Uygulamalar\u0131 Hukuk At\u00f6lyesi Program\u0131<br \/>-\u0130stanbul Barosu Staj E\u011fitim Merkezi Medeni Kanunda E\u015fler Aras\u0131 Mal Rejimleri Hukuk At\u00f6lyesi Program\u0131<br \/>-\u0130stanbul Barosu Kad\u0131n Haklar\u0131 Merkezi E\u011fitim Semineri<br \/>-\u0130stanbul Barosu T\u00fcketici Haklar\u0131 ve Rekabet Hukuku Merkezi Meslek \u0130\u00e7i E\u011fitim Semineri<br \/>-\u0130stanbul Barosu \u00c7ocuk Haklar\u0131 Merkezi E\u011fitim Semineri<br \/>-\u0130stanbul Barosu CMK Uygulama Ara\u015ft\u0131rma ve E\u011fitim Merkezi E\u011fitim Semineri<br \/>-\u0130stanbul Barosu Sa\u011fl\u0131k Hukuku Merkezi T\u0131bbi Malpraktis Davalar\u0131nda S\u00fcre\u00e7 Y\u00f6netimi At\u00f6lye \u00c7al\u0131\u015fmas\u0131<br \/>-TMMOB Harita ve Kadastro M\u00fchendisleri Odas\u0131 Tapu Mevzuat\u0131 ve Tapu Sicilinin Okunmas\u0131 E\u011fitimi<br \/>-TMMOB Harita ve Kadastro M\u00fchendisleri Odas\u0131 Kamula\u015ft\u0131rmas\u0131z El Atman\u0131n Teknik ve Hukuki Boyutu E\u011fitimi<br \/>-TMMOB Harita ve Kadastro M\u00fchendisleri Odas\u0131 Kadastro Haritalar\u0131n\u0131n G\u00fcncellenmesi E\u011fitimi<br \/>-Human Rights Education for Legal Professionals Council of Europe HELP Programme Violence against women and domestic violence<\/p><p><b>Av. G\u00d6ZDE B\u00dcKL\u00dc<\/b> hukuki faaliyetlerinin yan\u0131s\u0131ra toplumsal fayday\u0131 g\u00f6zeten sosyal sorumluluk projelerinde de aktif bir \u015fekilde rol almaktad\u0131r.<\/p><p>T\u00fcrkiye E\u011fitim G\u00f6n\u00fcll\u00fcleri Vakf\u0131 (TEGV), TEMA Vakf\u0131, Mor \u00c7at\u0131 Kad\u0131n S\u0131\u011f\u0131na\u011f\u0131 Vakf\u0131 kurulu\u015flar\u0131n\u0131n g\u00f6n\u00fcll\u00fcs\u00fcd\u00fcr.<\/p><p>T\u00fcrkiye Sakatlar Derne\u011fi Kartal \u015eubesi \u00fcyesidir.<\/p><p>Haydar Eren K\u00fclt\u00fcr ve E\u011fitim Vakf\u0131 (HAKEV) y\u00f6netim kurulu \u00fcyesidir.<\/p>\t\t\t\t\t\t<\/div>\n\t\t\t\t<\/div>\n\t\t\t\t\t<\/div>\n\t\t<\/div>\n\t\t\t\t<div class=\"elementor-column elementor-col-50 elementor-top-column elementor-element elementor-element-9210c8d\" data-id=\"9210c8d\" data-element_type=\"column\">\n\t\t\t<div class=\"elementor-widget-wrap elementor-element-populated\">\n\t\t\t\t\t\t\t\t<div class=\"elementor-element elementor-element-c2e22e1 elementor-widget elementor-widget-image\" data-id=\"c2e22e1\" data-element_type=\"widget\" data-widget_type=\"image.default\">\n\t\t\t\t<div class=\"elementor-widget-container\">\n\t\t\t<style>\/*! elementor - v3.15.0 - 02-08-2023 *\/\n.elementor-widget-image{text-align:center}.elementor-widget-image a{display:inline-block}.elementor-widget-image a img[src$=\".svg\"]{width:48px}.elementor-widget-image img{vertical-align:middle;display:inline-block}<\/style>\t\t\t\t\t\t\t\t\t\t\t\t<img loading=\"lazy\" decoding=\"async\" width=\"828\" height=\"1472\" src=\"https:\/\/www.gozdebuklu.av.tr\/wp-content\/uploads\/2023\/08\/WhatsApp-Image-2023-05-22-at-20.05.30.jpeg\" class=\"attachment-full size-full wp-image-1713\" alt=\"\" srcset=\"https:\/\/www.gozdebuklu.av.tr\/wp-content\/uploads\/2023\/08\/WhatsApp-Image-2023-05-22-at-20.05.30.jpeg 828w, https:\/\/www.gozdebuklu.av.tr\/wp-content\/uploads\/2023\/08\/WhatsApp-Image-2023-05-22-at-20.05.30-169x300.jpeg 169w, https:\/\/www.gozdebuklu.av.tr\/wp-content\/uploads\/2023\/08\/WhatsApp-Image-2023-05-22-at-20.05.30-576x1024.jpeg 576w, https:\/\/www.gozdebuklu.av.tr\/wp-content\/uploads\/2023\/08\/WhatsApp-Image-2023-05-22-at-20.05.30-768x1365.jpeg 768w\" sizes=\"auto, (max-width: 828px) 100vw, 828px\" \/>\t\t\t\t\t\t\t\t\t\t\t\t\t\t\t<\/div>\n\t\t\t\t<\/div>\n\t\t\t\t\t<\/div>\n\t\t<\/div>\n\t\t\t\t\t\t\t<\/div>\n\t\t<\/section>\n\t\t\t\t<section class=\"elementor-section elementor-top-section elementor-element elementor-element-242059b elementor-section-boxed elementor-section-height-default elementor-section-height-default wpr-particle-no wpr-jarallax-no wpr-parallax-no wpr-sticky-section-no\" data-id=\"242059b\" data-element_type=\"section\">\n\t\t\t\t\t\t<div class=\"elementor-container elementor-column-gap-default\">\n\t\t\t\t\t<div class=\"elementor-column elementor-col-100 elementor-top-column elementor-element elementor-element-05e265e\" data-id=\"05e265e\" data-element_type=\"column\">\n\t\t\t<div class=\"elementor-widget-wrap elementor-element-populated\">\n\t\t\t\t\t\t\t\t<div class=\"elementor-element elementor-element-b3ce2ce elementor-widget elementor-widget-spacer\" data-id=\"b3ce2ce\" data-element_type=\"widget\" data-widget_type=\"spacer.default\">\n\t\t\t\t<div class=\"elementor-widget-container\">\n\t\t\t\t\t<div class=\"elementor-spacer\">\n\t\t\t<div class=\"elementor-spacer-inner\"><\/div>\n\t\t<\/div>\n\t\t\t\t<\/div>\n\t\t\t\t<\/div>\n\t\t\t\t\t<\/div>\n\t\t<\/div>\n\t\t\t\t\t\t\t<\/div>\n\t\t<\/section>\n\t\t\t\t\t\t\t<\/div>\n\t\t","protected":false},"excerpt":{"rendered":"<p>HAKKIMIZDA B\u00dcKL\u00dc HUKUK &amp; DANI\u015eMANLIK B\u00fckl\u00fc Hukuk &amp; Dan\u0131\u015fmanl\u0131k \u0130stanbul Barosu nezdinde faaliyet g\u00f6steren Av. G\u00d6ZDE B\u00dcKL\u00dc taraf\u0131ndan \u0130stanbul\u2019da kurulmu\u015f olup; temsil etti\u011fi T\u00fcrk ve yabanc\u0131 ger\u00e7ek, t\u00fczel ki\u015filere hukuk dan\u0131\u015fmanl\u0131\u011f\u0131 ve avukatl\u0131k hizmeti sunmakla birlikte t\u00fcm hukuki hizmetlerini profesyonel, y\u00fcksek kalitede, a\u00e7\u0131k ve anla\u015f\u0131l\u0131r bir dille sa\u011flamay\u0131 misyon edinmi\u015f, \u00e7\u00f6z\u00fcm odakl\u0131 hareket eden dinamik&#8230;<\/p>\n","protected":false},"author":1,"featured_media":0,"parent":0,"menu_order":0,"comment_status":"closed","ping_status":"closed","template":"","meta":{"_uag_custom_page_level_css":"","_kad_post_transparent":"","_kad_post_title":"hide","_kad_post_layout":"fullwidth","_kad_post_sidebar_id":"","_kad_post_content_style":"unboxed","_kad_post_vertical_padding":"hide","_kad_post_feature":"hide","_kad_post_feature_position":"","_kad_post_header":false,"_kad_post_footer":false,"footnotes":""},"class_list":["post-1147","page","type-page","status-publish","hentry"],"uagb_featured_image_src":{"full":false,"thumbnail":false,"medium":false,"medium_large":false,"large":false,"1536x1536":false,"2048x2048":false},"uagb_author_info":{"display_name":"Av. G\u00d6ZDE B\u00dcKL\u00dc","author_link":"https:\/\/www.gozdebuklu.av.tr\/?author=1"},"uagb_comment_info":0,"uagb_excerpt":"HAKKIMIZDA B\u00dcKL\u00dc HUKUK &amp; DANI\u015eMANLIK B\u00fckl\u00fc Hukuk &amp; Dan\u0131\u015fmanl\u0131k \u0130stanbul Barosu nezdinde faaliyet g\u00f6steren Av. G\u00d6ZDE B\u00dcKL\u00dc taraf\u0131ndan \u0130stanbul\u2019da kurulmu\u015f olup; temsil etti\u011fi T\u00fcrk ve yabanc\u0131 ger\u00e7ek, t\u00fczel ki\u015filere hukuk dan\u0131\u015fmanl\u0131\u011f\u0131 ve avukatl\u0131k hizmeti sunmakla birlikte t\u00fcm hukuki hizmetlerini profesyonel, y\u00fcksek kalitede, a\u00e7\u0131k ve anla\u015f\u0131l\u0131r bir dille sa\u011flamay\u0131 misyon edinmi\u015f, \u00e7\u00f6z\u00fcm odakl\u0131 hareket eden dinamik...","_links":{"self":[{"href":"https:\/\/www.gozdebuklu.av.tr\/index.php?rest_route=\/wp\/v2\/pages\/1147","targetHints":{"allow":["GET"]}}],"collection":[{"href":"https:\/\/www.gozdebuklu.av.tr\/index.php?rest_route=\/wp\/v2\/pages"}],"about":[{"href":"https:\/\/www.gozdebuklu.av.tr\/index.php?rest_route=\/wp\/v2\/types\/page"}],"author":[{"embeddable":true,"href":"https:\/\/www.gozdebuklu.av.tr\/index.php?rest_route=\/wp\/v2\/users\/1"}],"replies":[{"embeddable":true,"href":"https:\/\/www.gozdebuklu.av.tr\/index.php?rest_route=%2Fwp%2Fv2%2Fcomments&post=1147"}],"version-history":[{"count":151,"href":"https:\/\/www.gozdebuklu.av.tr\/index.php?rest_route=\/wp\/v2\/pages\/1147\/revisions"}],"predecessor-version":[{"id":2128,"href":"https:\/\/www.gozdebuklu.av.tr\/index.php?rest_route=\/wp\/v2\/pages\/1147\/revisions\/2128"}],"wp:attachment":[{"href":"https:\/\/www.gozdebuklu.av.tr\/index.php?rest_route=%2Fwp%2Fv2%2Fmedia&parent=1147"}],"curies":[{"name":"wp","href":"https:\/\/api.w.org\/{rel}","templated":true}]}}